1*p**2 - 28*p - 108. List the prime factors of o(15).
3, 11, 59
Let n = 8624 - 5675. Suppose -3*u = 2*j - n, -3*u = j + 2*j - 4416. List the prime factors of j.
3, 163
Suppose 0 = -2*c - 0*c + 2*y + 18, 0 = y + 1. Let s = 15 - c. Let l(m) = -m**3 + 8*m**2 + 4*m - 6. What are the prime factors of l(s)?
71
Let a = 4537 + 601. List the prime factors of a.
2, 7, 367
Suppose -3*a + 3 = -42. Let u(z) = -6*z**2 + 114*z - 99. Let c(j) = -2*j**2 + 38*j - 35. Let f(i) = -8*c(i) + 3*u(i). List the prime factors of f(a).
103
Let m = -37 - -29. Let k(g) = -g**2 - 6*g - 2. Let c be k(m). List the prime factors of 436/6 + (-6)/c.
73
Let o be 4 - ((-152)/(-57))/((-4)/(-6)). Suppose o = 98*b - 88*b - 2250. What are the prime factors of b?
3, 5
Let h(u) = -u**3 + 5*u**2 - 3*u - 1. Let o be h(3). Suppose -41*f = -43*f + o. Suppose 3*v - 181 = -f*s, -2*s - 1 = v - 58. What are the prime factors of v?
67
Suppose 0 = -l + 2*c + 194, -8*l = -3*l - 4*c - 946. Let j = l + -82. List the prime factors of 4*(2/(-13) + 7140/j).
2, 137
Let o = -1773 - -5965. List the prime factors of o.
2, 131
Suppose 0 = -4*u - 4 + 20. Suppose 0 = 4*s - u, -4*g + 452 = -g - 4*s. What are the prime factors of g?
2, 19
Let g = -6178 + 30680. What are the prime factors of g?
2, 12251
Let o(v) = -147*v + 1925. List the prime factors of o(-12).
7, 17, 31
Suppose 0 = 2*v - 14, 0 = -249*c + 248*c + 5*v + 63178. What are the prime factors of c?
3, 19, 1109
Let t(k) = k**2 + 6*k + 5. Let p be t(-5). List the prime factors of (-1 + 5 - -273) + p.
277
List the prime factors of (-12 + 1411)*9 - -7.
2, 6299
Suppose -16*x + 17 + 95 = 0. Suppose -640 = x*m - 9*m. What are the prime factors of m?
2, 5
Suppose y - 5*y = -12. Let o = -261 - -306. Let v = o + y. List the prime factors of v.
2, 3
Let w(y) = -138*y + 8955. List the prime factors of w(0).
3, 5, 199
Suppose -3*x - 5*h - 2 = 0, -2*x = -3*x - 4*h + 4. Let k be 2/(x*4/232). Let j = k - -63. What are the prime factors of j?
2, 17
Let a = 156 - 153. Suppose -2*m - 101 = -v, 5*m = a*v - 355 + 51. What are the prime factors of v?
103
List the prime factors of (-18945)/25260 + 2/7 + 3167050/56.
2, 28277
What are the prime factors of -16 + 7 + 308/33 + (-43672)/(-6)?
29, 251
Let g(s) = 42*s**2 - 28*s - 198. What are the prime factors of g(-13)?
2, 227
Let x(j) = -73*j**3 - 4*j**2 - 8*j - 10. Let k be x(-2). Suppose -5*y - 2*y - k = 0. What are the prime factors of y/(-2)*(-7)/(-7)?
41
Let y(k) = k**3 + 0*k**3 - k + 61*k**2 - 65*k**2 - 1 + 8*k. Let s be y(2). Suppose 3*d + d = -5*c + 184, s*d - 4*c = 230. What are the prime factors of d?
2, 23
Let t = -67 - -95. Suppose -2 - t = 5*c. Let i(z) = -9*z - 11. What are the prime factors of i(c)?
43
Let d(i) = 13*i - 22. Let t = 44 + -20. Let j = 29 - t. What are the prime factors of d(j)?
43
Let a(h) = 36*h**2 - 16*h + 32. What are the prime factors of a(12)?
2, 157
Let c be (7 - 9)*(-23)/2. Suppose 243 = -5*q - n, 4*n = 5*q + 3*n + 247. Let k = c - q. List the prime factors of k.
2, 3
Let o = 31248 + -7777. List the prime factors of o.
7, 479
Let p = -2429 + 4719. What are the prime factors of p?
2, 5, 229
Let b(y) = -y**3 + 16*y**2 - 2*y + 17. Let z be (-6)/15 - 872/20. Let j = -29 - z. What are the prime factors of b(j)?
2, 53
Let b(t) = 2*t**3 + 13*t**2 + 18*t + 14. Let y be b(-7). Suppose -5*z = -5*o - 475, -3*z - 4 = 2. Let v = o - y. List the prime factors of v.
2
Suppose 48118 = -13*q + 27*q. List the prime factors of q.
7, 491
Let o(p) = 10*p**2 + 2*p - 1307. Let c(f) = -32*f**2 - 6*f + 3923. Let t(i) = -2*c(i) - 7*o(i). What are the prime factors of t(0)?
1303
Suppose 2940 = -a - 4*a. Let k = -133 - a. What are the prime factors of k?
5, 7, 13
Let z = 93 - 76. Suppose i = z*i - 192. Suppose -i*d + 15*d - 954 = 0. What are the prime factors of d?
2, 3, 53
Let l(z) = z**2 + 9*z - 1. Let c be l(-9). List the prime factors of 7/14*c - (-459)/2.
229
Let n(q) = -22*q**2 + q + 49. Let m be n(-9). Let u = -1066 - m. List the prime factors of u.
2, 13
List the prime factors of (1 - (0 + 7)) + (-173)/((-12802)/4324708).
2, 7, 2087
Let p = -255 + 255. Suppose g = 3*h - 4*g - 218, p = h - 4*g - 68. What are the prime factors of h?
2, 19
Suppose 345 = 4*w + 365, -3*b + 225123 = -3*w. What are the prime factors of b?
2, 3, 13, 37
Suppose 80*q + k = 83*q - 3451, -3*q = 2*k - 3466. What are the prime factors of q?
2, 3
Let y(b) = 5345*b**3 - 7*b**2 + 46*b - 55. List the prime factors of y(2).
19, 2251
Suppose c + 576560 = -94*c + 7143245. What are the prime factors of c?
3, 23041
Suppose 5*t = b + 1947 + 2813, 1904 = 2*t - 4*b. List the prime factors of t.
2, 7, 17
Let y = -1194 + 8186. List the prime factors of 36/63 - y/(-14).
2, 5
Suppose 2*o - 144 = -4*x, 7*o - 183 = -5*x + 3*o. Suppose -4276*d + 4252*d + 312 = 0. Let s = d + x. What are the prime factors of s?
2, 3
Let y be (0 - 854/6)/(21/(-63)). Suppose -4*l = -169 - y. List the prime factors of l.
149
Suppose 5*u - 26*o + 25*o = 18487, 0 = -7*o - 14. What are the prime factors of u?
3697
Let f = -16481 - -34403. List the prime factors of f.
2, 3, 29, 103
Let a(r) = 14*r**3 - r**2 - 4*r + 4. Let z be a(2). Suppose 3*m - 116 = -z. Suppose -4*v + 184 = -5*h, v - m*h = -h + 39. List the prime factors of v.
3, 17
Suppose 2211 + 5034 = 7*y. Suppose -867 - y = -3*i. List the prime factors of i.
2, 317
Suppose 0 = 1756*p - 1782*p + 192322. List the prime factors of p.
13, 569
Let z = -1976 - -3242. What are the prime factors of z?
2, 3, 211
Suppose 720 + 10155 = 29*b. List the prime factors of b.
3, 5
Suppose 130*b - 164*b + 37840 = -16424. List the prime factors of b.
2, 3, 7, 19
List the prime factors of ((-336)/(-132))/(-14) + 113396/44.
3, 859
Let s = -10269 + 20935. List the prime factors of s.
2, 5333
Let d be -22*(28/8 - 4). Suppose 0 = -4*f - 3*b + d, 3*f + 2*f - 4*b = 6. Suppose -5*z + 4*l = -329, z - f*z = -5*l - 70. List the prime factors of z.
5, 13
Suppose -20 = 4*r - 9*r, -5*p + 5*r + 6725 = 0. Let i = p + -592. What are the prime factors of i?
757
Let k be (188/(-8))/(6/(-12)). Let d = k + 124. What are the prime factors of d?
3, 19
Suppose -1630 = 120*o - 122*o. Let c = 1171 - o. What are the prime factors of c?
2, 89
Let g(i) = 81*i**2 + 446*i + 39. List the prime factors of g(-22).
19, 1549
Let o(q) = -q + 8. Let l be o(4). Suppose 4*n - b = 37, l*n + 4*b - 42 + 10 = 0. Let z = n + 61. List the prime factors of z.
2, 5, 7
Suppose 9*h - 4*h = 35*h. Suppose h = -42*i + 45*i - 3021. List the prime factors of i.
19, 53
Suppose 13*m - 24*m = 19*m - 48000. List the prime factors of m.
2, 5
Suppose 0 = -3*p + h - 1132, 4*h = 6*p - p + 1882. Let n = -303 - p. List the prime factors of n.
3, 5
Let p(k) = -22*k**3 - k**2 + 4*k. Let h be p(-3). Let n = 3814 + -3814. Suppose 6*x - h - 675 = n. What are the prime factors of x?
2, 13
Suppose -2*u - 6 = -4*l, 0 = l + 5*u - 2 - 16. Suppose 3*y - 395 = 2*y. Suppose -5*v = 5*p - 2*v - y, -p + 97 = -l*v. List the prime factors of p.
2, 41
Suppose -6*k = 5*k + 11. What are the prime factors of 7*k + -40 + 389?
2, 3, 19
Let f(t) = t**3 - t**2 + t + 1. Let c be f(2). Suppose -c = l + 9. List the prime factors of -2*21/6*l.
2, 7
Let b(i) = -58*i + 16. What are the prime factors of b(-24)?
2, 11
Let c = -27153 - -37891. List the prime factors of c.
2, 7, 13, 59
Suppose -821*o + 817*o = -84. Suppose 0 = o*c - 7*c - 13370. List the prime factors of c.
5, 191
Suppose 0 = -2*r - 0 + 2, 0 = -5*u + 4*r + 6. Let t(g) = g + 17*g**2 - 17*g**u + 25*g**2. What are the prime factors of t(-1)?
2, 3
Let h(z) = 26*z**2 - 10*z - 14. Suppose 5*o = k + 2*k + 49, 4*o + 2*k = 26. Let v be h(o). Suppose -7*t - 464 = -v. List the prime factors of t.
2, 79
Let s(b) = 107*b**2 + 4*b + 7. Let g be s(-2). Let j = g - 113. List the prime factors of j.
2, 157
Suppose -22*p + 1480688 = -562804. List the prime factors of p.
2, 3, 113, 137
List the prime factors of 35*(6 + -454)/(-8).
2, 5, 7
Let m = 56006 + -15826. List the prime factors of m.
2, 5, 7, 41
Suppose -4*l + 5*p = 8 + 9, 4*l = -4*p + 28. Suppose -84 = -12*c - l*c. Let t(g) = g - 4. List the prime factors of t(c).
2
Let y(i) = -4*i - 128. Let l(v) = v + 1. Let x(w) = -3*l(w) - y(w). Let u = -85 - -85. What are the prime factors of x(u)?
5
What are the prime factors of ((-10740)/(-35))